[INFO] fetching crate sauron-native 0.1.0...
[INFO] checking sauron-native-0.1.0 against try#72f88fc4e9458f89516a0b8b0868f3718aec5b47 for pr-74989
[INFO] extracting crate sauron-native 0.1.0 into /workspace/builds/worker-3/source
[INFO] validating manifest of crates.io crate sauron-native 0.1.0 on toolchain 72f88fc4e9458f89516a0b8b0868f3718aec5b47
[INFO] running `Command { std: "/workspace/cargo-home/bin/cargo" "+72f88fc4e9458f89516a0b8b0868f3718aec5b47" "read-manifest" "--manifest-path" "Cargo.toml", kill_on_drop: false }`
[INFO] started tweaking crates.io crate sauron-native 0.1.0
[INFO] finished tweaking crates.io crate sauron-native 0.1.0
[INFO] tweaked toml for crates.io crate sauron-native 0.1.0 written to /workspace/builds/worker-3/source/Cargo.toml
[INFO] crate crates.io crate sauron-native 0.1.0 already has a lockfile, it will not be regenerated
[INFO] running `Command { std: "/workspace/cargo-home/bin/cargo" "+72f88fc4e9458f89516a0b8b0868f3718aec5b47" "fetch" "--locked" "--manifest-path" "Cargo.toml", kill_on_drop: false }`
[INFO] [stderr]  Downloading crates ...
[INFO] [stderr]   Downloaded wasm-bindgen-futures v0.3.25
[INFO] [stderr]   Downloaded sauron_vdom v0.10.0
[INFO] [stderr]   Downloaded wasm-bindgen-test v0.2.48
[INFO] [stderr]   Downloaded wasm-bindgen-test-macro v0.2.48
[INFO] [stderr]   Downloaded itui v0.7.0
[INFO] [stderr]   Downloaded sauron v0.10.0
[INFO] running `Command { std: "docker" "create" "-v" "/var/lib/crater-agent-workspace/builds/worker-3/target:/opt/rustwide/target:rw,Z" "-v" "/var/lib/crater-agent-workspace/builds/worker-3/source:/opt/rustwide/workdir:ro,Z" "-v" "/var/lib/crater-agent-workspace/cargo-home:/opt/rustwide/cargo-home:ro,Z" "-v" "/var/lib/crater-agent-workspace/rustup-home:/opt/rustwide/rustup-home:ro,Z" "-e" "SOURCE_DIR=/opt/rustwide/workdir" "-e" "CARGO_TARGET_DIR=/opt/rustwide/target" "-e" "CARGO_HOME=/opt/rustwide/cargo-home" "-e" "RUSTUP_HOME=/opt/rustwide/rustup-home" "-w" "/opt/rustwide/workdir" "-m" "1610612736" "--user" "0:0" "--network" "none" "rustops/crates-build-env@sha256:d92eaeed33fa75130ca1ee6c8a01d1ffb62bac859dfdfb3450e3e5d1c0146529" "/opt/rustwide/cargo-home/bin/cargo" "+72f88fc4e9458f89516a0b8b0868f3718aec5b47" "metadata" "--no-deps" "--format-version=1", kill_on_drop: false }`
[INFO] [stdout] 7aca1d86f2f3fb3521f5cb3483f40a8e38acc219ab20b9dc1577ebea38d5cae9
[INFO] [stderr] WARNING: Your kernel does not support swap limit capabilities or the cgroup is not mounted. Memory limited without swap.
[INFO] running `Command { std: "docker" "start" "-a" "7aca1d86f2f3fb3521f5cb3483f40a8e38acc219ab20b9dc1577ebea38d5cae9", kill_on_drop: false }`
[INFO] running `Command { std: "docker" "inspect" "7aca1d86f2f3fb3521f5cb3483f40a8e38acc219ab20b9dc1577ebea38d5cae9", kill_on_drop: false }`
[INFO] running `Command { std: "docker" "rm" "-f" "7aca1d86f2f3fb3521f5cb3483f40a8e38acc219ab20b9dc1577ebea38d5cae9", kill_on_drop: false }`
[INFO] [stdout] 7aca1d86f2f3fb3521f5cb3483f40a8e38acc219ab20b9dc1577ebea38d5cae9
[INFO] running `Command { std: "docker" "create" "-v" "/var/lib/crater-agent-workspace/builds/worker-3/target:/opt/rustwide/target:rw,Z" "-v" "/var/lib/crater-agent-workspace/builds/worker-3/source:/opt/rustwide/workdir:ro,Z" "-v" "/var/lib/crater-agent-workspace/cargo-home:/opt/rustwide/cargo-home:ro,Z" "-v" "/var/lib/crater-agent-workspace/rustup-home:/opt/rustwide/rustup-home:ro,Z" "-e" "SOURCE_DIR=/opt/rustwide/workdir" "-e" "CARGO_TARGET_DIR=/opt/rustwide/target" "-e" "CARGO_INCREMENTAL=0" "-e" "RUST_BACKTRACE=full" "-e" "RUSTFLAGS=--cap-lints=forbid" "-e" "CARGO_HOME=/opt/rustwide/cargo-home" "-e" "RUSTUP_HOME=/opt/rustwide/rustup-home" "-w" "/opt/rustwide/workdir" "-m" "1610612736" "--user" "0:0" "--network" "none" "rustops/crates-build-env@sha256:d92eaeed33fa75130ca1ee6c8a01d1ffb62bac859dfdfb3450e3e5d1c0146529" "/opt/rustwide/cargo-home/bin/cargo" "+72f88fc4e9458f89516a0b8b0868f3718aec5b47" "check" "--frozen" "--all" "--all-targets" "--message-format=json", kill_on_drop: false }`
[INFO] [stdout] 3f0119656734f39b32aa6258e4f8ee33398825693f244d144bea5e8358a894f3
[INFO] [stderr] WARNING: Your kernel does not support swap limit capabilities or the cgroup is not mounted. Memory limited without swap.
[INFO] running `Command { std: "docker" "start" "-a" "3f0119656734f39b32aa6258e4f8ee33398825693f244d144bea5e8358a894f3", kill_on_drop: false }`
[INFO] [stderr]    Compiling autocfg v0.1.5
[INFO] [stderr]    Compiling syn v0.15.42
[INFO] [stderr]    Compiling libc v0.2.60
[INFO] [stderr]    Compiling log v0.4.7
[INFO] [stderr]    Compiling wasm-bindgen-shared v0.2.48
[INFO] [stderr]    Compiling cfg-if v0.1.9
[INFO] [stderr]     Checking rand_core v0.4.0
[INFO] [stderr]    Compiling bumpalo v2.5.0
[INFO] [stderr]    Compiling lazy_static v1.3.0
[INFO] [stderr]    Compiling wasm-bindgen v0.2.48
[INFO] [stderr]    Compiling cc v1.0.38
[INFO] [stderr]    Compiling bitflags v1.1.0
[INFO] [stderr]    Compiling unicode-segmentation v1.3.0
[INFO] [stderr]    Compiling failure_derive v0.1.5
[INFO] [stderr]     Checking futures v0.1.28
[INFO] [stderr]     Checking rustc-demangle v0.1.15
[INFO] [stderr]     Checking termcolor v0.3.6
[INFO] [stderr]     Checking sauron_vdom v0.10.0
[INFO] [stderr]     Checking rand_core v0.3.1
[INFO] [stderr]     Checking rand_jitter v0.1.4
[INFO] [stderr]     Checking thread_local v0.3.6
[INFO] [stderr]     Checking rand_xorshift v0.1.1
[INFO] [stderr]     Checking rand_hc v0.1.0
[INFO] [stderr]     Checking rand_isaac v0.1.1
[INFO] [stderr]    Compiling wasm-bindgen-test-macro v0.2.48
[INFO] [stderr]    Compiling heck v0.3.1
[INFO] [stderr]    Compiling num-traits v0.2.8
[INFO] [stderr]    Compiling num-integer v0.1.41
[INFO] [stderr]    Compiling rand_pcg v0.1.2
[INFO] [stderr]    Compiling rand_chacha v0.1.1
[INFO] [stderr]    Compiling rand v0.6.5
[INFO] [stderr]     Checking sauron-native v0.1.0 (/opt/rustwide/workdir)
[INFO] [stdout] warning: unused imports: `Node`, `Widget`
[INFO] [stdout]  --> src/backend.rs:1:24
[INFO] [stdout]   |
[INFO] [stdout] 1 | use crate::{Component, Node, Widget};
[INFO] [stdout]   |                        ^^^^  ^^^^^^
[INFO] [stdout]   |
[INFO] [stdout]   = note: `#[warn(unused_imports)]` on by default
[INFO] [stdout] 
[INFO] [stdout] 
[INFO] [stdout] warning: unused import: `Node`
[INFO] [stdout]  --> src/program.rs:1:42
[INFO] [stdout]   |
[INFO] [stdout] 1 | use crate::{backend::Backend, Component, Node};
[INFO] [stdout]   |                                          ^^^^
[INFO] [stdout] 
[INFO] [stdout] 
[INFO] [stdout] warning: unused import: `cell::RefCell`
[INFO] [stdout]  --> src/program.rs:2:11
[INFO] [stdout]   |
[INFO] [stdout] 2 | use std::{cell::RefCell, fmt::Debug, marker::PhantomData, rc::Rc};
[INFO] [stdout]   |           ^^^^^^^^^^^^^
[INFO] [stdout] 
[INFO] [stdout] 
[INFO] [stdout] warning: unused variable: `event`
[INFO] [stdout]  --> src/component.rs:6:28
[INFO] [stdout]   |
[INFO] [stdout] 6 |     fn on_event(&mut self, event: Event) {
[INFO] [stdout]   |                            ^^^^^ help: if this is intentional, prefix it with an underscore: `_event`
[INFO] [stdout]   |
[INFO] [stdout]   = note: `#[warn(unused_variables)]` on by default
[INFO] [stdout] 
[INFO] [stdout] 
[INFO] [stdout] warning: unused variable: `s`
[INFO] [stdout]   --> src/component.rs:10:25
[INFO] [stdout]    |
[INFO] [stdout] 10 |     fn debug(&mut self, s: String) {
[INFO] [stdout]    |                         ^ help: if this is intentional, prefix it with an underscore: `_s`
[INFO] [stdout] 
[INFO] [stdout] 
[INFO] [stdout] warning: unused variable: `msg`
[INFO] [stdout]   --> src/program.rs:32:38
[INFO] [stdout]    |
[INFO] [stdout] 32 |     pub fn dispatch(self: &Rc<Self>, msg: MSG) {
[INFO] [stdout]    |                                      ^^^ help: if this is intentional, prefix it with an underscore: `_msg`
[INFO] [stdout] 
[INFO] [stdout] 
[INFO] [stdout] warning: the feature `type_alias_enum_variants` has been stable since 1.37.0 and no longer requires an attribute to enable
[INFO] [stdout]  --> src/lib.rs:3:12
[INFO] [stdout]   |
[INFO] [stdout] 3 | #![feature(type_alias_enum_variants)]
[INFO] [stdout]   |            ^^^^^^^^^^^^^^^^^^^^^^^^
[INFO] [stdout]   |
[INFO] [stdout]   = note: `#[warn(stable_features)]` on by default
[INFO] [stdout] 
[INFO] [stdout] 
[INFO] [stdout] warning: 7 warnings emitted
[INFO] [stdout] 
[INFO] [stdout] 
[INFO] [stderr]    Compiling backtrace-sys v0.1.31
[INFO] [stderr]     Checking atty v0.2.13
[INFO] [stderr]     Checking time v0.1.42
[INFO] [stderr]     Checking rand_os v0.1.3
[INFO] [stderr]     Checking clap v2.33.0
[INFO] [stderr]     Checking backtrace v0.3.33
[INFO] [stderr]     Checking chrono v0.4.7
[INFO] [stderr]     Checking stderrlog v0.4.1
[INFO] [stderr]    Compiling wasm-bindgen-backend v0.2.48
[INFO] [stderr]    Compiling synstructure v0.10.2
[INFO] [stderr]    Compiling wasm-bindgen-macro-support v0.2.48
[INFO] [stderr]    Compiling structopt-derive v0.2.18
[INFO] [stderr]     Checking failure v0.1.5
[INFO] [stderr]    Compiling wasm-bindgen-macro v0.2.48
[INFO] [stderr]     Checking structopt v0.2.18
[INFO] [stderr]     Checking js-sys v0.3.25
[INFO] [stderr]     Checking console_error_panic_hook v0.1.6
[INFO] [stdout] error: return value of constructor must be a bare path
[INFO] [stdout]     --> /opt/rustwide/cargo-home/registry/src/github.com-1ecc6299db9ec823/js-sys-0.3.25/src/lib.rs:4524:13
[INFO] [stdout]      |
[INFO] [stdout] 4524 | /             /// The
[INFO] [stdout] 4525 | |             #[doc = $ctor]
[INFO] [stdout] 4526 | |             /// constructor creates an array of unsigned 8-bit integers.
[INFO] [stdout] 4527 | |             ///
[INFO] [stdout] ...    |
[INFO] [stdout] 4531 | |             #[wasm_bindgen(constructor)]
[INFO] [stdout] 4532 | |             pub fn new(constructor_arg: &JsValue) -> $name;
[INFO] [stdout]      | |___________________________________________________________^
[INFO] [stdout] ...
[INFO] [stdout] 4683 | / arrays! {
[INFO] [stdout] 4684 | |     /// `Int8Array()`
[INFO] [stdout] 4685 | |     /// https://developer.mozilla.org/en-US/docs/Web/JavaScript/Reference/Global_Objects/Int8Array
[INFO] [stdout] 4686 | |     Int8Array: i8,
[INFO] [stdout] ...    |
[INFO] [stdout] 4718 | |     Float64Array: f64,
[INFO] [stdout] 4719 | | }
[INFO] [stdout]      | |_- in this macro invocation
[INFO] [stdout]      |
[INFO] [stdout]      = note: this error originates in a macro (in Nightly builds, run with -Z macro-backtrace for more info)
[INFO] [stdout] 
[INFO] [stdout] 
[INFO] [stdout] error: return value of constructor must be a bare path
[INFO] [stdout]     --> /opt/rustwide/cargo-home/registry/src/github.com-1ecc6299db9ec823/js-sys-0.3.25/src/lib.rs:4534:13
[INFO] [stdout]      |
[INFO] [stdout] 4534 | /             /// An
[INFO] [stdout] 4535 | |             #[doc = $ctor]
[INFO] [stdout] 4536 | |             /// which creates an array with an internal buffer large
[INFO] [stdout] 4537 | |             /// enough for `length` elements.
[INFO] [stdout] ...    |
[INFO] [stdout] 4542 | |             #[wasm_bindgen(constructor)]
[INFO] [stdout] 4543 | |             pub fn new_with_length(length: u32) -> $name;
[INFO] [stdout]      | |_________________________________________________________^
[INFO] [stdout] ...
[INFO] [stdout] 4683 | / arrays! {
[INFO] [stdout] 4684 | |     /// `Int8Array()`
[INFO] [stdout] 4685 | |     /// https://developer.mozilla.org/en-US/docs/Web/JavaScript/Reference/Global_Objects/Int8Array
[INFO] [stdout] 4686 | |     Int8Array: i8,
[INFO] [stdout] ...    |
[INFO] [stdout] 4718 | |     Float64Array: f64,
[INFO] [stdout] 4719 | | }
[INFO] [stdout]      | |_- in this macro invocation
[INFO] [stdout]      |
[INFO] [stdout]      = note: this error originates in a macro (in Nightly builds, run with -Z macro-backtrace for more info)
[INFO] [stdout] 
[INFO] [stdout] 
[INFO] [stdout] error: return value of constructor must be a bare path
[INFO] [stdout]     --> /opt/rustwide/cargo-home/registry/src/github.com-1ecc6299db9ec823/js-sys-0.3.25/src/lib.rs:4545:13
[INFO] [stdout]      |
[INFO] [stdout] 4545 | /             /// An
[INFO] [stdout] 4546 | |             #[doc = $ctor]
[INFO] [stdout] 4547 | |             /// which creates an array with the given buffer but is a
[INFO] [stdout] 4548 | |             /// view starting at `byte_offset`.
[INFO] [stdout] ...    |
[INFO] [stdout] 4553 | |             #[wasm_bindgen(constructor)]
[INFO] [stdout] 4554 | |             pub fn new_with_byte_offset(buffer: &JsValue, byte_offset: u32) -> $name;
[INFO] [stdout]      | |_____________________________________________________________________________________^
[INFO] [stdout] ...
[INFO] [stdout] 4683 | / arrays! {
[INFO] [stdout] 4684 | |     /// `Int8Array()`
[INFO] [stdout] 4685 | |     /// https://developer.mozilla.org/en-US/docs/Web/JavaScript/Reference/Global_Objects/Int8Array
[INFO] [stdout] 4686 | |     Int8Array: i8,
[INFO] [stdout] ...    |
[INFO] [stdout] 4718 | |     Float64Array: f64,
[INFO] [stdout] 4719 | | }
[INFO] [stdout]      | |_- in this macro invocation
[INFO] [stdout]      |
[INFO] [stdout]      = note: this error originates in a macro (in Nightly builds, run with -Z macro-backtrace for more info)
[INFO] [stdout] 
[INFO] [stdout] 
[INFO] [stdout] error: return value of constructor must be a bare path
[INFO] [stdout]     --> /opt/rustwide/cargo-home/registry/src/github.com-1ecc6299db9ec823/js-sys-0.3.25/src/lib.rs:4556:13
[INFO] [stdout]      |
[INFO] [stdout] 4556 | /             /// An
[INFO] [stdout] 4557 | |             #[doc = $ctor]
[INFO] [stdout] 4558 | |             /// which creates an array with the given buffer but is a
[INFO] [stdout] 4559 | |             /// view starting at `byte_offset` for `length` elements.
[INFO] [stdout] ...    |
[INFO] [stdout] 4568 | |                 length: u32,
[INFO] [stdout] 4569 | |             ) -> $name;
[INFO] [stdout]      | |_______________________^
[INFO] [stdout] ...
[INFO] [stdout] 4683 | / arrays! {
[INFO] [stdout] 4684 | |     /// `Int8Array()`
[INFO] [stdout] 4685 | |     /// https://developer.mozilla.org/en-US/docs/Web/JavaScript/Reference/Global_Objects/Int8Array
[INFO] [stdout] 4686 | |     Int8Array: i8,
[INFO] [stdout] ...    |
[INFO] [stdout] 4718 | |     Float64Array: f64,
[INFO] [stdout] 4719 | | }
[INFO] [stdout]      | |_- in this macro invocation
[INFO] [stdout]      |
[INFO] [stdout]      = note: this error originates in a macro (in Nightly builds, run with -Z macro-backtrace for more info)
[INFO] [stdout] 
[INFO] [stdout] 
[INFO] [stdout] error: first argument of method must be a path
[INFO] [stdout]     --> /opt/rustwide/cargo-home/registry/src/github.com-1ecc6299db9ec823/js-sys-0.3.25/src/lib.rs:4576:32
[INFO] [stdout]      |
[INFO] [stdout] 4576 |               pub fn fill(this: &$name, value: $ty, start: u32, end: u32) -> $name;
[INFO] [stdout]      |                                  ^^^^^
[INFO] [stdout] ...
[INFO] [stdout] 4683 | / arrays! {
[INFO] [stdout] 4684 | |     /// `Int8Array()`
[INFO] [stdout] 4685 | |     /// https://developer.mozilla.org/en-US/docs/Web/JavaScript/Reference/Global_Objects/Int8Array
[INFO] [stdout] 4686 | |     Int8Array: i8,
[INFO] [stdout] ...    |
[INFO] [stdout] 4718 | |     Float64Array: f64,
[INFO] [stdout] 4719 | | }
[INFO] [stdout]      | |_- in this macro invocation
[INFO] [stdout]      |
[INFO] [stdout]      = note: this error originates in a macro (in Nightly builds, run with -Z macro-backtrace for more info)
[INFO] [stdout] 
[INFO] [stdout] 
[INFO] [stdout] error: first argument of method must be a path
[INFO] [stdout]     --> /opt/rustwide/cargo-home/registry/src/github.com-1ecc6299db9ec823/js-sys-0.3.25/src/lib.rs:4581:34
[INFO] [stdout]      |
[INFO] [stdout] 4581 |               pub fn buffer(this: &$name) -> ArrayBuffer;
[INFO] [stdout]      |                                    ^^^^^
[INFO] [stdout] ...
[INFO] [stdout] 4683 | / arrays! {
[INFO] [stdout] 4684 | |     /// `Int8Array()`
[INFO] [stdout] 4685 | |     /// https://developer.mozilla.org/en-US/docs/Web/JavaScript/Reference/Global_Objects/Int8Array
[INFO] [stdout] 4686 | |     Int8Array: i8,
[INFO] [stdout] ...    |
[INFO] [stdout] 4718 | |     Float64Array: f64,
[INFO] [stdout] 4719 | | }
[INFO] [stdout]      | |_- in this macro invocation
[INFO] [stdout]      |
[INFO] [stdout]      = note: this error originates in a macro (in Nightly builds, run with -Z macro-backtrace for more info)
[INFO] [stdout] 
[INFO] [stdout] 
[INFO] [stdout] error: first argument of method must be a path
[INFO] [stdout]     --> /opt/rustwide/cargo-home/registry/src/github.com-1ecc6299db9ec823/js-sys-0.3.25/src/lib.rs:4586:36
[INFO] [stdout]      |
[INFO] [stdout] 4586 |               pub fn subarray(this: &$name, begin: u32, end: u32) -> $name;
[INFO] [stdout]      |                                      ^^^^^
[INFO] [stdout] ...
[INFO] [stdout] 4683 | / arrays! {
[INFO] [stdout] 4684 | |     /// `Int8Array()`
[INFO] [stdout] 4685 | |     /// https://developer.mozilla.org/en-US/docs/Web/JavaScript/Reference/Global_Objects/Int8Array
[INFO] [stdout] 4686 | |     Int8Array: i8,
[INFO] [stdout] ...    |
[INFO] [stdout] 4718 | |     Float64Array: f64,
[INFO] [stdout] 4719 | | }
[INFO] [stdout]      | |_- in this macro invocation
[INFO] [stdout]      |
[INFO] [stdout]      = note: this error originates in a macro (in Nightly builds, run with -Z macro-backtrace for more info)
[INFO] [stdout] 
[INFO] [stdout] 
[INFO] [stdout] error: first argument of method must be a path
[INFO] [stdout]     --> /opt/rustwide/cargo-home/registry/src/github.com-1ecc6299db9ec823/js-sys-0.3.25/src/lib.rs:4592:33
[INFO] [stdout]      |
[INFO] [stdout] 4592 |               pub fn slice(this: &$name, begin: u32, end: u32) -> $name;
[INFO] [stdout]      |                                   ^^^^^
[INFO] [stdout] ...
[INFO] [stdout] 4683 | / arrays! {
[INFO] [stdout] 4684 | |     /// `Int8Array()`
[INFO] [stdout] 4685 | |     /// https://developer.mozilla.org/en-US/docs/Web/JavaScript/Reference/Global_Objects/Int8Array
[INFO] [stdout] 4686 | |     Int8Array: i8,
[INFO] [stdout] ...    |
[INFO] [stdout] 4718 | |     Float64Array: f64,
[INFO] [stdout] 4719 | | }
[INFO] [stdout]      | |_- in this macro invocation
[INFO] [stdout]      |
[INFO] [stdout]      = note: this error originates in a macro (in Nightly builds, run with -Z macro-backtrace for more info)
[INFO] [stdout] 
[INFO] [stdout] 
[INFO] [stdout] error: first argument of method must be a path
[INFO] [stdout]     --> /opt/rustwide/cargo-home/registry/src/github.com-1ecc6299db9ec823/js-sys-0.3.25/src/lib.rs:4599:36
[INFO] [stdout]      |
[INFO] [stdout] 4599 |               pub fn for_each(this: &$name, callback: &mut dyn FnMut($ty, u32, $name));
[INFO] [stdout]      |                                      ^^^^^
[INFO] [stdout] ...
[INFO] [stdout] 4683 | / arrays! {
[INFO] [stdout] 4684 | |     /// `Int8Array()`
[INFO] [stdout] 4685 | |     /// https://developer.mozilla.org/en-US/docs/Web/JavaScript/Reference/Global_Objects/Int8Array
[INFO] [stdout] 4686 | |     Int8Array: i8,
[INFO] [stdout] ...    |
[INFO] [stdout] 4718 | |     Float64Array: f64,
[INFO] [stdout] 4719 | | }
[INFO] [stdout]      | |_- in this macro invocation
[INFO] [stdout]      |
[INFO] [stdout]      = note: this error originates in a macro (in Nightly builds, run with -Z macro-backtrace for more info)
[INFO] [stdout] 
[INFO] [stdout] 
[INFO] [stdout] error: first argument of method must be a path
[INFO] [stdout]     --> /opt/rustwide/cargo-home/registry/src/github.com-1ecc6299db9ec823/js-sys-0.3.25/src/lib.rs:4604:34
[INFO] [stdout]      |
[INFO] [stdout] 4604 |               pub fn length(this: &$name) -> u32;
[INFO] [stdout]      |                                    ^^^^^
[INFO] [stdout] ...
[INFO] [stdout] 4683 | / arrays! {
[INFO] [stdout] 4684 | |     /// `Int8Array()`
[INFO] [stdout] 4685 | |     /// https://developer.mozilla.org/en-US/docs/Web/JavaScript/Reference/Global_Objects/Int8Array
[INFO] [stdout] 4686 | |     Int8Array: i8,
[INFO] [stdout] ...    |
[INFO] [stdout] 4718 | |     Float64Array: f64,
[INFO] [stdout] 4719 | | }
[INFO] [stdout]      | |_- in this macro invocation
[INFO] [stdout]      |
[INFO] [stdout]      = note: this error originates in a macro (in Nightly builds, run with -Z macro-backtrace for more info)
[INFO] [stdout] 
[INFO] [stdout] 
[INFO] [stdout] error: first argument of method must be a path
[INFO] [stdout]     --> /opt/rustwide/cargo-home/registry/src/github.com-1ecc6299db9ec823/js-sys-0.3.25/src/lib.rs:4609:39
[INFO] [stdout]      |
[INFO] [stdout] 4609 |               pub fn byte_length(this: &$name) -> u32;
[INFO] [stdout]      |                                         ^^^^^
[INFO] [stdout] ...
[INFO] [stdout] 4683 | / arrays! {
[INFO] [stdout] 4684 | |     /// `Int8Array()`
[INFO] [stdout] 4685 | |     /// https://developer.mozilla.org/en-US/docs/Web/JavaScript/Reference/Global_Objects/Int8Array
[INFO] [stdout] 4686 | |     Int8Array: i8,
[INFO] [stdout] ...    |
[INFO] [stdout] 4718 | |     Float64Array: f64,
[INFO] [stdout] 4719 | | }
[INFO] [stdout]      | |_- in this macro invocation
[INFO] [stdout]      |
[INFO] [stdout]      = note: this error originates in a macro (in Nightly builds, run with -Z macro-backtrace for more info)
[INFO] [stdout] 
[INFO] [stdout] 
[INFO] [stdout] error: first argument of method must be a path
[INFO] [stdout]     --> /opt/rustwide/cargo-home/registry/src/github.com-1ecc6299db9ec823/js-sys-0.3.25/src/lib.rs:4614:39
[INFO] [stdout]      |
[INFO] [stdout] 4614 |               pub fn byte_offset(this: &$name) -> u32;
[INFO] [stdout]      |                                         ^^^^^
[INFO] [stdout] ...
[INFO] [stdout] 4683 | / arrays! {
[INFO] [stdout] 4684 | |     /// `Int8Array()`
[INFO] [stdout] 4685 | |     /// https://developer.mozilla.org/en-US/docs/Web/JavaScript/Reference/Global_Objects/Int8Array
[INFO] [stdout] 4686 | |     Int8Array: i8,
[INFO] [stdout] ...    |
[INFO] [stdout] 4718 | |     Float64Array: f64,
[INFO] [stdout] 4719 | | }
[INFO] [stdout]      | |_- in this macro invocation
[INFO] [stdout]      |
[INFO] [stdout]      = note: this error originates in a macro (in Nightly builds, run with -Z macro-backtrace for more info)
[INFO] [stdout] 
[INFO] [stdout] 
[INFO] [stdout] error: first argument of method must be a path
[INFO] [stdout]     --> /opt/rustwide/cargo-home/registry/src/github.com-1ecc6299db9ec823/js-sys-0.3.25/src/lib.rs:4619:31
[INFO] [stdout]      |
[INFO] [stdout] 4619 |               pub fn set(this: &$name, src: &JsValue, offset: u32);
[INFO] [stdout]      |                                 ^^^^^
[INFO] [stdout] ...
[INFO] [stdout] 4683 | / arrays! {
[INFO] [stdout] 4684 | |     /// `Int8Array()`
[INFO] [stdout] 4685 | |     /// https://developer.mozilla.org/en-US/docs/Web/JavaScript/Reference/Global_Objects/Int8Array
[INFO] [stdout] 4686 | |     Int8Array: i8,
[INFO] [stdout] ...    |
[INFO] [stdout] 4718 | |     Float64Array: f64,
[INFO] [stdout] 4719 | | }
[INFO] [stdout]      | |_- in this macro invocation
[INFO] [stdout]      |
[INFO] [stdout]      = note: this error originates in a macro (in Nightly builds, run with -Z macro-backtrace for more info)
[INFO] [stdout] 
[INFO] [stdout] 
[INFO] [stdout] error[E0433]: failed to resolve: use of undeclared type or module `Int8Array`
[INFO] [stdout]     --> /opt/rustwide/cargo-home/registry/src/github.com-1ecc6299db9ec823/js-sys-0.3.25/src/lib.rs:4686:5
[INFO] [stdout]      |
[INFO] [stdout] 4686 |     Int8Array: i8,
[INFO] [stdout]      |     ^^^^^^^^^ use of undeclared type or module `Int8Array`
[INFO] [stdout] 
[INFO] [stdout] 
[INFO] [stdout] error[E0433]: failed to resolve: use of undeclared type or module `Int16Array`
[INFO] [stdout]     --> /opt/rustwide/cargo-home/registry/src/github.com-1ecc6299db9ec823/js-sys-0.3.25/src/lib.rs:4690:5
[INFO] [stdout]      |
[INFO] [stdout] 4690 |     Int16Array: i16,
[INFO] [stdout]      |     ^^^^^^^^^^ use of undeclared type or module `Int16Array`
[INFO] [stdout] 
[INFO] [stdout] 
[INFO] [stdout] error[E0433]: failed to resolve: use of undeclared type or module `Int32Array`
[INFO] [stdout]     --> /opt/rustwide/cargo-home/registry/src/github.com-1ecc6299db9ec823/js-sys-0.3.25/src/lib.rs:4694:5
[INFO] [stdout]      |
[INFO] [stdout] 4694 |     Int32Array: i32,
[INFO] [stdout]      |     ^^^^^^^^^^ use of undeclared type or module `Int32Array`
[INFO] [stdout] 
[INFO] [stdout] 
[INFO] [stdout] error[E0433]: failed to resolve: use of undeclared type or module `Uint8Array`
[INFO] [stdout]     --> /opt/rustwide/cargo-home/registry/src/github.com-1ecc6299db9ec823/js-sys-0.3.25/src/lib.rs:4698:5
[INFO] [stdout]      |
[INFO] [stdout] 4698 |     Uint8Array: u8,
[INFO] [stdout]      |     ^^^^^^^^^^ use of undeclared type or module `Uint8Array`
[INFO] [stdout] 
[INFO] [stdout] 
[INFO] [stdout] error[E0433]: failed to resolve: use of undeclared type or module `Uint8ClampedArray`
[INFO] [stdout]     --> /opt/rustwide/cargo-home/registry/src/github.com-1ecc6299db9ec823/js-sys-0.3.25/src/lib.rs:4702:5
[INFO] [stdout]      |
[INFO] [stdout] 4702 |     Uint8ClampedArray: u8,
[INFO] [stdout]      |     ^^^^^^^^^^^^^^^^^ use of undeclared type or module `Uint8ClampedArray`
[INFO] [stdout] 
[INFO] [stdout] 
[INFO] [stdout] error[E0433]: failed to resolve: use of undeclared type or module `Uint16Array`
[INFO] [stdout]     --> /opt/rustwide/cargo-home/registry/src/github.com-1ecc6299db9ec823/js-sys-0.3.25/src/lib.rs:4706:5
[INFO] [stdout]      |
[INFO] [stdout] 4706 |     Uint16Array: u16,
[INFO] [stdout]      |     ^^^^^^^^^^^ use of undeclared type or module `Uint16Array`
[INFO] [stdout] 
[INFO] [stdout] 
[INFO] [stdout] error[E0433]: failed to resolve: use of undeclared type or module `Uint32Array`
[INFO] [stdout]     --> /opt/rustwide/cargo-home/registry/src/github.com-1ecc6299db9ec823/js-sys-0.3.25/src/lib.rs:4710:5
[INFO] [stdout]      |
[INFO] [stdout] 4710 |     Uint32Array: u32,
[INFO] [stdout]      |     ^^^^^^^^^^^ use of undeclared type or module `Uint32Array`
[INFO] [stdout] 
[INFO] [stdout] 
[INFO] [stdout] error[E0433]: failed to resolve: use of undeclared type or module `Float32Array`
[INFO] [stdout]     --> /opt/rustwide/cargo-home/registry/src/github.com-1ecc6299db9ec823/js-sys-0.3.25/src/lib.rs:4714:5
[INFO] [stdout]      |
[INFO] [stdout] 4714 |     Float32Array: f32,
[INFO] [stdout]      |     ^^^^^^^^^^^^ use of undeclared type or module `Float32Array`
[INFO] [stdout] 
[INFO] [stdout] 
[INFO] [stdout] error[E0433]: failed to resolve: use of undeclared type or module `Float64Array`
[INFO] [stdout]     --> /opt/rustwide/cargo-home/registry/src/github.com-1ecc6299db9ec823/js-sys-0.3.25/src/lib.rs:4718:5
[INFO] [stdout]      |
[INFO] [stdout] 4718 |     Float64Array: f64,
[INFO] [stdout]      |     ^^^^^^^^^^^^ use of undeclared type or module `Float64Array`
[INFO] [stdout] 
[INFO] [stdout] 
[INFO] [stdout] error[E0412]: cannot find type `Int32Array` in this scope
[INFO] [stdout]    --> /opt/rustwide/cargo-home/registry/src/github.com-1ecc6299db9ec823/js-sys-0.3.25/src/lib.rs:604:37
[INFO] [stdout]     |
[INFO] [stdout] 604 |         pub fn notify(typed_array: &Int32Array, index: u32, count: u32) -> Result<u32, JsValue>;
[INFO] [stdout]     |                                     ^^^^^^^^^^ not found in this scope
[INFO] [stdout] 
[INFO] [stdout] 
[INFO] [stdout] error[E0412]: cannot find type `Int32Array` in this scope
[INFO] [stdout]    --> /opt/rustwide/cargo-home/registry/src/github.com-1ecc6299db9ec823/js-sys-0.3.25/src/lib.rs:640:35
[INFO] [stdout]     |
[INFO] [stdout] 640 |         pub fn wait(typed_array: &Int32Array, index: u32, value: i32) -> Result<JsString, JsValue>;
[INFO] [stdout]     |                                   ^^^^^^^^^^ not found in this scope
[INFO] [stdout] 
[INFO] [stdout] 
[INFO] [stdout] error[E0412]: cannot find type `Int32Array` in this scope
[INFO] [stdout]    --> /opt/rustwide/cargo-home/registry/src/github.com-1ecc6299db9ec823/js-sys-0.3.25/src/lib.rs:647:27
[INFO] [stdout]     |
[INFO] [stdout] 647 |             typed_array: &Int32Array,
[INFO] [stdout]     |                           ^^^^^^^^^^ not found in this scope
[INFO] [stdout] 
[INFO] [stdout] 
[INFO] [stdout] error[E0412]: cannot find type `Int8Array` in this scope
[INFO] [stdout]     --> /opt/rustwide/cargo-home/registry/src/github.com-1ecc6299db9ec823/js-sys-0.3.25/src/lib.rs:4686:5
[INFO] [stdout]      |
[INFO] [stdout] 4686 |     Int8Array: i8,
[INFO] [stdout]      |     ^^^^^^^^^ not found in this scope
[INFO] [stdout] 
[INFO] [stdout] 
[INFO] [stdout] error[E0412]: cannot find type `Int16Array` in this scope
[INFO] [stdout]     --> /opt/rustwide/cargo-home/registry/src/github.com-1ecc6299db9ec823/js-sys-0.3.25/src/lib.rs:4690:5
[INFO] [stdout]      |
[INFO] [stdout] 4690 |     Int16Array: i16,
[INFO] [stdout]      |     ^^^^^^^^^^ not found in this scope
[INFO] [stdout] 
[INFO] [stdout] 
[INFO] [stdout] error[E0412]: cannot find type `Int32Array` in this scope
[INFO] [stdout]     --> /opt/rustwide/cargo-home/registry/src/github.com-1ecc6299db9ec823/js-sys-0.3.25/src/lib.rs:4694:5
[INFO] [stdout]      |
[INFO] [stdout] 4694 |     Int32Array: i32,
[INFO] [stdout]      |     ^^^^^^^^^^ not found in this scope
[INFO] [stdout] 
[INFO] [stdout] 
[INFO] [stdout] error[E0412]: cannot find type `Uint8Array` in this scope
[INFO] [stdout]     --> /opt/rustwide/cargo-home/registry/src/github.com-1ecc6299db9ec823/js-sys-0.3.25/src/lib.rs:4698:5
[INFO] [stdout]      |
[INFO] [stdout] 4698 |     Uint8Array: u8,
[INFO] [stdout]      |     ^^^^^^^^^^ not found in this scope
[INFO] [stdout] 
[INFO] [stdout] 
[INFO] [stdout] error[E0412]: cannot find type `Uint8ClampedArray` in this scope
[INFO] [stdout]     --> /opt/rustwide/cargo-home/registry/src/github.com-1ecc6299db9ec823/js-sys-0.3.25/src/lib.rs:4702:5
[INFO] [stdout]      |
[INFO] [stdout] 4702 |     Uint8ClampedArray: u8,
[INFO] [stdout]      |     ^^^^^^^^^^^^^^^^^ not found in this scope
[INFO] [stdout] 
[INFO] [stdout] 
[INFO] [stdout] error[E0412]: cannot find type `Uint16Array` in this scope
[INFO] [stdout]     --> /opt/rustwide/cargo-home/registry/src/github.com-1ecc6299db9ec823/js-sys-0.3.25/src/lib.rs:4706:5
[INFO] [stdout]      |
[INFO] [stdout] 4706 |     Uint16Array: u16,
[INFO] [stdout]      |     ^^^^^^^^^^^ not found in this scope
[INFO] [stdout] 
[INFO] [stdout] 
[INFO] [stdout] error[E0412]: cannot find type `Uint32Array` in this scope
[INFO] [stdout]     --> /opt/rustwide/cargo-home/registry/src/github.com-1ecc6299db9ec823/js-sys-0.3.25/src/lib.rs:4710:5
[INFO] [stdout]      |
[INFO] [stdout] 4710 |     Uint32Array: u32,
[INFO] [stdout]      |     ^^^^^^^^^^^ not found in this scope
[INFO] [stdout] 
[INFO] [stdout] 
[INFO] [stdout] error[E0412]: cannot find type `Float32Array` in this scope
[INFO] [stdout]     --> /opt/rustwide/cargo-home/registry/src/github.com-1ecc6299db9ec823/js-sys-0.3.25/src/lib.rs:4714:5
[INFO] [stdout]      |
[INFO] [stdout] 4714 |     Float32Array: f32,
[INFO] [stdout]      |     ^^^^^^^^^^^^ not found in this scope
[INFO] [stdout] 
[INFO] [stdout] 
[INFO] [stdout] error[E0412]: cannot find type `Float64Array` in this scope
[INFO] [stdout]     --> /opt/rustwide/cargo-home/registry/src/github.com-1ecc6299db9ec823/js-sys-0.3.25/src/lib.rs:4718:5
[INFO] [stdout]      |
[INFO] [stdout] 4718 |     Float64Array: f64,
[INFO] [stdout]      |     ^^^^^^^^^^^^ not found in this scope
[INFO] [stdout] 
[INFO] [stdout] 
[INFO] [stdout] error: aborting due to 34 previous errors
[INFO] [stdout] 
[INFO] [stdout] 
[INFO] [stdout] Some errors have detailed explanations: E0412, E0433.
[INFO] [stdout] 
[INFO] [stdout] For more information about an error, try `rustc --explain E0412`.
[INFO] [stdout] 
[INFO] [stderr] error: could not compile `js-sys`.
[INFO] [stderr] 
[INFO] [stderr] To learn more, run the command again with --verbose.
[INFO] running `Command { std: "docker" "inspect" "3f0119656734f39b32aa6258e4f8ee33398825693f244d144bea5e8358a894f3", kill_on_drop: false }`
[INFO] running `Command { std: "docker" "rm" "-f" "3f0119656734f39b32aa6258e4f8ee33398825693f244d144bea5e8358a894f3", kill_on_drop: false }`
[INFO] [stdout] 3f0119656734f39b32aa6258e4f8ee33398825693f244d144bea5e8358a894f3
